{"id":7971,"date":"2020-04-27T15:06:45","date_gmt":"2020-04-27T13:06:45","guid":{"rendered":"https:\/\/www.lak-vorarlberg.at\/?page_id=7971"},"modified":"2024-03-08T09:37:49","modified_gmt":"2024-03-08T08:37:49","slug":"leistungen","status":"publish","type":"page","link":"https:\/\/www.lak-vorarlberg.at\/index.php\/leistungen\/","title":{"rendered":"Leistungen"},"content":{"rendered":"<div id=\"pl-gb7971-69ef5e2f74fd9\"  class=\"panel-layout\" ><div id=\"pg-gb7971-69ef5e2f74fd9-0\"  class=\"panel-grid panel-no-style\" ><div id=\"pgc-gb7971-69ef5e2f74fd9-0-0\"  class=\"panel-grid-cell\" ><div id=\"panel-gb7971-69ef5e2f74fd9-0-0-0\" class=\"so-panel widget widget_black-studio-tinymce widget_black_studio_tinymce panel-first-child panel-last-child\" data-index=\"0\" ><h3 class=\"widget-title\"><span class=\"light\">Leistungen<\/span> und F\u00f6rderungen<\/h3><div class=\"textwidget\"><h2 id=\"a2\" class=\"heading2\"><span style=\"font-size: 14pt;\">Vertretung beim Arbeits- und Sozialgericht<\/span><\/h2>\n<p>Die Dienstnehmersektion der Landwirtschaftskammer Vorarlberg vertritt ihre Mitglieder bei den Arbeits- und Sozialgerichten. Die Einbringung der Klage erfolgt \u00fcber die Dienstnehmersektion. Die Rechtsberatung und Rechtsvertretung ist kostenlos.<\/p>\n<div class=\"alignright\">&nbsp;<\/div>\n<h2 id=\"a3\" class=\"heading2\"><span style=\"font-size: 14pt;\">Rechtsberatung<\/span><\/h2>\n<p>Die Dienstnehmersektion ber\u00e4t ihre Kammerzugeh\u00f6rigen bei Rechtsfragen in Zusammenhang mit dem Dienstverh\u00e4ltnis bzw. der Berufsaus\u00fcbung.<\/p>\n<div class=\"alignright\">&nbsp;<\/div>\n<h2 id=\"a4\" class=\"heading2\"><span style=\"font-size: 14pt;\">Gesetzesbegutachtung<\/span><\/h2>\n<p>Im Rahmen dieser T\u00e4tigkeit nimmt die Dienstnehmersektion der Landwirtschaftskammer zu Gesetzes- und Verordnungsentw\u00fcrfen des Bundes und des Landes Stellung.<\/p>\n<div class=\"alignright\">&nbsp;<\/div>\n<h2 id=\"a5\" class=\"heading2\"><span style=\"font-size: 14pt;\">Kollektivvertr\u00e4ge<\/span><\/h2>\n<p>\u00dcber Kollektivvertr\u00e4ge f\u00fcr land- und forstwirtschaftliche Dienstnehmer erhalten Sie Ausk\u00fcnfte bei der Dienstnehmersektion der Landwirtschaftskammer Vorarlberg.<\/p>\n<hr class=\"horizontalrule\">\n<h3 id=\"a5\" class=\"heading2\"><span style=\"font-size: 14pt;\"><a href=\"https:\/\/www.lak-vorarlberg.at\/index.php\/forderungen\/\">F\u00f6rderungen<\/a><\/span><\/h3>\n<\/div><\/div><\/div><\/div><\/div>\n\n\n<p><\/p>\n","protected":false},"excerpt":{"rendered":"<p>Vertretung beim Arbeits- und Sozialgericht Die Dienstnehmersektion der Landwirtschaftskammer Vorarlberg vertritt ihre Mitglieder bei den Arbeits- und Sozialgerichten. Die Einbringung der Klage erfolgt \u00fcber die Dienstnehmersektion. Die Rechtsberatung und Rechtsvertretung ist kostenlos. &nbsp; Rechtsberatung Die Dienstnehmersektion ber\u00e4t ihre Kammerzugeh\u00f6rigen bei Rechtsfragen in Zusammenhang mit dem Dienstverh\u00e4ltnis bzw. der Berufsaus\u00fcbung. &nbsp; Gesetzesbegutachtung Im Rahmen dieser T\u00e4tigkeit [&hellip;]<\/p>\n","protected":false},"author":2,"featured_media":0,"parent":0,"menu_order":0,"comment_status":"closed","ping_status":"closed","template":"","meta":{"ngg_post_thumbnail":0,"footnotes":""},"class_list":["post-7971","page","type-page","status-publish","hentry"],"_links":{"self":[{"href":"https:\/\/www.lak-vorarlberg.at\/index.php\/wp-json\/wp\/v2\/pages\/7971","targetHints":{"allow":["GET"]}}],"collection":[{"href":"https:\/\/www.lak-vorarlberg.at\/index.php\/wp-json\/wp\/v2\/pages"}],"about":[{"href":"https:\/\/www.lak-vorarlberg.at\/index.php\/wp-json\/wp\/v2\/types\/page"}],"author":[{"embeddable":true,"href":"https:\/\/www.lak-vorarlberg.at\/index.php\/wp-json\/wp\/v2\/users\/2"}],"replies":[{"embeddable":true,"href":"https:\/\/www.lak-vorarlberg.at\/index.php\/wp-json\/wp\/v2\/comments?post=7971"}],"version-history":[{"count":16,"href":"https:\/\/www.lak-vorarlberg.at\/index.php\/wp-json\/wp\/v2\/pages\/7971\/revisions"}],"predecessor-version":[{"id":11809,"href":"https:\/\/www.lak-vorarlberg.at\/index.php\/wp-json\/wp\/v2\/pages\/7971\/revisions\/11809"}],"wp:attachment":[{"href":"https:\/\/www.lak-vorarlberg.at\/index.php\/wp-json\/wp\/v2\/media?parent=7971"}],"curies":[{"name":"wp","href":"https:\/\/api.w.org\/{rel}","templated":true}]}}

<div id="pl-gb7971-69ef5e2f74fd9"  class="panel-layout" ><div id="pg-gb7971-69ef5e2f74fd9-0"  class="panel-grid panel-no-style" ><div id="pgc-gb7971-69ef5e2f74fd9-0-0"  class="panel-grid-cell" ><div id="panel-gb7971-69ef5e2f74fd9-0-0-0" class="so-panel widget widget_black-studio-tinymce widget_black_studio_tinymce panel-first-child panel-last-child" data-index="0" ><h3 class="widget-title"><span class="light">Leistungen</span> und Förderungen</h3><div class="textwidget"><h2 id="a2" class="heading2"><span style="font-size: 14pt;">Vertretung beim Arbeits- und Sozialgericht</span></h2>
<p>Die Dienstnehmersektion der Landwirtschaftskammer Vorarlberg vertritt ihre Mitglieder bei den Arbeits- und Sozialgerichten. Die Einbringung der Klage erfolgt über die Dienstnehmersektion. Die Rechtsberatung und Rechtsvertretung ist kostenlos.</p>
<div class="alignright">&nbsp;</div>
<h2 id="a3" class="heading2"><span style="font-size: 14pt;">Rechtsberatung</span></h2>
<p>Die Dienstnehmersektion berät ihre Kammerzugehörigen bei Rechtsfragen in Zusammenhang mit dem Dienstverhältnis bzw. der Berufsausübung.</p>
<div class="alignright">&nbsp;</div>
<h2 id="a4" class="heading2"><span style="font-size: 14pt;">Gesetzesbegutachtung</span></h2>
<p>Im Rahmen dieser Tätigkeit nimmt die Dienstnehmersektion der Landwirtschaftskammer zu Gesetzes- und Verordnungsentwürfen des Bundes und des Landes Stellung.</p>
<div class="alignright">&nbsp;</div>
<h2 id="a5" class="heading2"><span style="font-size: 14pt;">Kollektivverträge</span></h2>
<p>Über Kollektivverträge für land- und forstwirtschaftliche Dienstnehmer erhalten Sie Auskünfte bei der Dienstnehmersektion der Landwirtschaftskammer Vorarlberg.</p>
<hr class="horizontalrule">
<h3 id="a5" class="heading2"><span style="font-size: 14pt;"><a href="https://www.lak-vorarlberg.at/index.php/forderungen/">Förderungen</a></span></h3>
</div></div></div></div></div>


<p></p>

<p>Vertretung beim Arbeits- und Sozialgericht Die Dienstnehmersektion der Landwirtschaftskammer Vorarlberg vertritt ihre Mitglieder bei den Arbeits- und Sozialgerichten. Die Einbringung der Klage erfolgt über die Dienstnehmersektion. Die Rechtsberatung und Rechtsvertretung ist kostenlos. &nbsp; Rechtsberatung Die Dienstnehmersektion berät ihre Kammerzugehörigen bei Rechtsfragen in Zusammenhang mit dem Dienstverhältnis bzw. der Berufsausübung. &nbsp; Gesetzesbegutachtung Im Rahmen dieser Tätigkeit [&hellip;]</p>
