{"id":7968,"date":"2020-04-27T15:02:10","date_gmt":"2020-04-27T13:02:10","guid":{"rendered":"https:\/\/www.lak-vorarlberg.at\/?page_id=7968"},"modified":"2026-01-19T18:09:14","modified_gmt":"2026-01-19T17:09:14","slug":"recht","status":"publish","type":"page","link":"https:\/\/www.lak-vorarlberg.at\/index.php\/recht\/","title":{"rendered":"Recht"},"content":{"rendered":"<div id=\"pl-gb7968-69f0aff8ea4ff\"  class=\"panel-layout wp-block-siteorigin-panels-layout-block\" ><div id=\"pg-gb7968-69f0aff8ea4ff-0\"  class=\"panel-grid panel-no-style\" ><div id=\"pgc-gb7968-69f0aff8ea4ff-0-0\"  class=\"panel-grid-cell\" ><div id=\"panel-gb7968-69f0aff8ea4ff-0-0-0\" class=\"so-panel widget widget_black-studio-tinymce widget_black_studio_tinymce panel-first-child panel-last-child\" data-index=\"0\" ><h3 class=\"widget-title\"><span class=\"light\">Rechtsangelegenheiten<\/span><\/h3><div class=\"textwidget\"><h2 id=\"a2\" class=\"heading2\"><span style=\"font-size: 14pt;\">Vertretung beim Arbeits- und Sozialgericht<\/span><\/h2>\n<p><span style=\"color: #000000;\">Die Dienstnehmersektion der Landwirtschaftskammer Vorarlberg vertritt ihre Mitglieder bei den Arbeits- und Sozialgerichten. Die Einbringung der Klage erfolgt \u00fcber die Dienstnehmersektion. Die Rechtsberatung und Rechtsvertretung ist kostenlos.<\/span><\/p>\n<div class=\"alignright\"><\/div>\n<hr class=\"horizontalrule\" \/>\n<h2 id=\"a3\" class=\"heading2\"><span style=\"font-size: 14pt;\">Rechtsberatung<\/span><\/h2>\n<p><span style=\"color: #000000;\">Die Dienstnehmersektion ber\u00e4t ihre Kammerzugeh\u00f6rigen bei Rechtsfragen in Zusammenhang mit dem Dienstverh\u00e4ltnis bzw. der Berufsaus\u00fcbung.<\/span><\/p>\n<div class=\"alignright\"><\/div>\n<hr class=\"horizontalrule\" \/>\n<h2 id=\"a4\" class=\"heading2\"><span style=\"font-size: 14pt;\">Gesetzesbegutachtung<\/span><\/h2>\n<p><span style=\"color: #000000;\">Im Rahmen dieser T\u00e4tigkeit nimmt die Dienstnehmersektion der Landwirtschaftskammer zu Gesetzes- und Verordnungsentw\u00fcrfen des Bundes und des Landes Stellung.<\/span><\/p>\n<div class=\"alignright\"><\/div>\n<hr class=\"horizontalrule\" \/>\n<h2 id=\"a5\" class=\"heading2\"><span style=\"font-size: 14pt;\">Kollektivvertr\u00e4ge<\/span><\/h2>\n<p><span style=\"color: #000000;\">\u00dcber Kollektivvertr\u00e4ge f\u00fcr land- und forstwirtschaftliche Dienstnehmer erhalten Sie Ausk\u00fcnfte bei der Dienstnehmersektion der Landwirtschaftskammer Vorarlberg.<\/span><\/p>\n<p><a href=\"https:\/\/www.lak-vorarlberg.at\/index.php\/kollektivvertrage\/\">Kollektivvertr\u00e4ge<\/a><\/p>\n<\/div><\/div><\/div><\/div><div id=\"pg-gb7968-69f0aff8ea4ff-1\"  class=\"panel-grid panel-no-style\" ><div id=\"pgc-gb7968-69f0aff8ea4ff-1-0\"  class=\"panel-grid-cell\" ><div id=\"panel-gb7968-69f0aff8ea4ff-1-0-0\" class=\"so-panel widget widget_qt_icon_box widget-icon-box panel-first-child panel-last-child\" data-index=\"1\" ><div class=\"panel-widget-style panel-widget-style-for-gb7968-69f0aff8ea4ff-1-0-0\" >\t\t\t\t<a class=\"icon-box icon-big\" href=\"https:\/\/www.ris.bka.gv.at\/GeltendeFassung.wxe?Abfrage=Bundesnormen&#038;Gesetzesnummer=20011524\" target=\"_blank\">\n\t\t\t\t\t\t\t\t\t\t\t\t<i class=\"fa fa fa-book\"><\/i>\n\t\t\t\t\t\t\t\t\t\t\t\t\t<h6 class=\"title\">Landarbeitsgesetz (LAG) 2021<\/h6>\n\t\t\t\t\t\t\t\t\t\t\t<\/a>\n\n\t\t\t<\/div><\/div><\/div><div id=\"pgc-gb7968-69f0aff8ea4ff-1-1\"  class=\"panel-grid-cell\" ><div id=\"panel-gb7968-69f0aff8ea4ff-1-1-0\" class=\"so-panel widget widget_qt_icon_box widget-icon-box panel-first-child panel-last-child\" data-index=\"2\" ><div class=\"panel-widget-style panel-widget-style-for-gb7968-69f0aff8ea4ff-1-1-0\" >\t\t\t\t<a class=\"icon-box icon-big\" href=\"https:\/\/www.bundeskanzleramt.gv.at\/familienportal.html\" target=\"_blank\">\n\t\t\t\t\t\t\t\t\t\t\t\t<i class=\"fa fa fa-eur\"><\/i>\n\t\t\t\t\t\t\t\t\t\t\t\t\t<h6 class=\"title\">Familienportal <\/h6>\n\t\t\t\t\t\t\t\t\t\t\t\t\t<span class=\"subtitle\">\u00dcberblick F\u00f6rderungen<\/span>\n\t\t\t\t\t\t\t<\/a>\n\n\t\t\t<\/div><\/div><\/div><\/div><\/div>\n\n\n<p><\/p>\n","protected":false},"excerpt":{"rendered":"<p>Vertretung beim Arbeits- und Sozialgericht Die Dienstnehmersektion der Landwirtschaftskammer Vorarlberg vertritt ihre Mitglieder bei den Arbeits- und Sozialgerichten. Die Einbringung der Klage erfolgt \u00fcber die Dienstnehmersektion. Die Rechtsberatung und Rechtsvertretung ist kostenlos. Rechtsberatung Die Dienstnehmersektion ber\u00e4t ihre Kammerzugeh\u00f6rigen bei Rechtsfragen in Zusammenhang mit dem Dienstverh\u00e4ltnis bzw. der Berufsaus\u00fcbung. Gesetzesbegutachtung Im Rahmen dieser T\u00e4tigkeit nimmt die [&hellip;]<\/p>\n","protected":false},"author":2,"featured_media":0,"parent":0,"menu_order":0,"comment_status":"closed","ping_status":"closed","template":"","meta":{"ngg_post_thumbnail":0,"footnotes":""},"class_list":["post-7968","page","type-page","status-publish","hentry"],"_links":{"self":[{"href":"https:\/\/www.lak-vorarlberg.at\/index.php\/wp-json\/wp\/v2\/pages\/7968","targetHints":{"allow":["GET"]}}],"collection":[{"href":"https:\/\/www.lak-vorarlberg.at\/index.php\/wp-json\/wp\/v2\/pages"}],"about":[{"href":"https:\/\/www.lak-vorarlberg.at\/index.php\/wp-json\/wp\/v2\/types\/page"}],"author":[{"embeddable":true,"href":"https:\/\/www.lak-vorarlberg.at\/index.php\/wp-json\/wp\/v2\/users\/2"}],"replies":[{"embeddable":true,"href":"https:\/\/www.lak-vorarlberg.at\/index.php\/wp-json\/wp\/v2\/comments?post=7968"}],"version-history":[{"count":35,"href":"https:\/\/www.lak-vorarlberg.at\/index.php\/wp-json\/wp\/v2\/pages\/7968\/revisions"}],"predecessor-version":[{"id":12715,"href":"https:\/\/www.lak-vorarlberg.at\/index.php\/wp-json\/wp\/v2\/pages\/7968\/revisions\/12715"}],"wp:attachment":[{"href":"https:\/\/www.lak-vorarlberg.at\/index.php\/wp-json\/wp\/v2\/media?parent=7968"}],"curies":[{"name":"wp","href":"https:\/\/api.w.org\/{rel}","templated":true}]}}

<div id="pl-gb7968-69f0aff8ea4ff"  class="panel-layout wp-block-siteorigin-panels-layout-block" ><div id="pg-gb7968-69f0aff8ea4ff-0"  class="panel-grid panel-no-style" ><div id="pgc-gb7968-69f0aff8ea4ff-0-0"  class="panel-grid-cell" ><div id="panel-gb7968-69f0aff8ea4ff-0-0-0" class="so-panel widget widget_black-studio-tinymce widget_black_studio_tinymce panel-first-child panel-last-child" data-index="0" ><h3 class="widget-title"><span class="light">Rechtsangelegenheiten</span></h3><div class="textwidget"><h2 id="a2" class="heading2"><span style="font-size: 14pt;">Vertretung beim Arbeits- und Sozialgericht</span></h2>
<p><span style="color: #000000;">Die Dienstnehmersektion der Landwirtschaftskammer Vorarlberg vertritt ihre Mitglieder bei den Arbeits- und Sozialgerichten. Die Einbringung der Klage erfolgt über die Dienstnehmersektion. Die Rechtsberatung und Rechtsvertretung ist kostenlos.</span></p>
<div class="alignright"></div>
<hr class="horizontalrule" />
<h2 id="a3" class="heading2"><span style="font-size: 14pt;">Rechtsberatung</span></h2>
<p><span style="color: #000000;">Die Dienstnehmersektion berät ihre Kammerzugehörigen bei Rechtsfragen in Zusammenhang mit dem Dienstverhältnis bzw. der Berufsausübung.</span></p>
<div class="alignright"></div>
<hr class="horizontalrule" />
<h2 id="a4" class="heading2"><span style="font-size: 14pt;">Gesetzesbegutachtung</span></h2>
<p><span style="color: #000000;">Im Rahmen dieser Tätigkeit nimmt die Dienstnehmersektion der Landwirtschaftskammer zu Gesetzes- und Verordnungsentwürfen des Bundes und des Landes Stellung.</span></p>
<div class="alignright"></div>
<hr class="horizontalrule" />
<h2 id="a5" class="heading2"><span style="font-size: 14pt;">Kollektivverträge</span></h2>
<p><span style="color: #000000;">Über Kollektivverträge für land- und forstwirtschaftliche Dienstnehmer erhalten Sie Auskünfte bei der Dienstnehmersektion der Landwirtschaftskammer Vorarlberg.</span></p>
<p><a href="https://www.lak-vorarlberg.at/index.php/kollektivvertrage/">Kollektivverträge</a></p>
</div></div></div></div><div id="pg-gb7968-69f0aff8ea4ff-1"  class="panel-grid panel-no-style" ><div id="pgc-gb7968-69f0aff8ea4ff-1-0"  class="panel-grid-cell" ><div id="panel-gb7968-69f0aff8ea4ff-1-0-0" class="so-panel widget widget_qt_icon_box widget-icon-box panel-first-child panel-last-child" data-index="1" ><div class="panel-widget-style panel-widget-style-for-gb7968-69f0aff8ea4ff-1-0-0" >				<a class="icon-box icon-big" href="https://www.ris.bka.gv.at/GeltendeFassung.wxe?Abfrage=Bundesnormen&#038;Gesetzesnummer=20011524" target="_blank">
												<i class="fa fa fa-book"></i>
													<h6 class="title">Landarbeitsgesetz (LAG) 2021</h6>
											</a>

			</div></div></div><div id="pgc-gb7968-69f0aff8ea4ff-1-1"  class="panel-grid-cell" ><div id="panel-gb7968-69f0aff8ea4ff-1-1-0" class="so-panel widget widget_qt_icon_box widget-icon-box panel-first-child panel-last-child" data-index="2" ><div class="panel-widget-style panel-widget-style-for-gb7968-69f0aff8ea4ff-1-1-0" >				<a class="icon-box icon-big" href="https://www.bundeskanzleramt.gv.at/familienportal.html" target="_blank">
												<i class="fa fa fa-eur"></i>
													<h6 class="title">Familienportal </h6>
													<span class="subtitle">Überblick Förderungen</span>
							</a>

			</div></div></div></div></div>


<p></p>

<p>Vertretung beim Arbeits- und Sozialgericht Die Dienstnehmersektion der Landwirtschaftskammer Vorarlberg vertritt ihre Mitglieder bei den Arbeits- und Sozialgerichten. Die Einbringung der Klage erfolgt über die Dienstnehmersektion. Die Rechtsberatung und Rechtsvertretung ist kostenlos. Rechtsberatung Die Dienstnehmersektion berät ihre Kammerzugehörigen bei Rechtsfragen in Zusammenhang mit dem Dienstverhältnis bzw. der Berufsausübung. Gesetzesbegutachtung Im Rahmen dieser Tätigkeit nimmt die [&hellip;]</p>
