{"id":181,"date":"2019-01-12T14:49:38","date_gmt":"2019-01-12T14:49:38","guid":{"rendered":"http:\/\/localhost:8888\/construction\/?page_id=181"},"modified":"2020-05-05T10:09:52","modified_gmt":"2020-05-05T08:09:52","slug":"about-us","status":"publish","type":"page","link":"https:\/\/www.lak-vorarlberg.at\/index.php\/about-us\/","title":{"rendered":"\u00dcber uns"},"content":{"rendered":"<div id=\"pl-181\"  class=\"panel-layout\" ><div id=\"pg-181-0\"  class=\"panel-grid panel-no-style\" ><div id=\"pgc-181-0-0\"  class=\"panel-grid-cell\" ><div id=\"panel-181-0-0-0\" class=\"so-panel widget widget_black-studio-tinymce widget_black_studio_tinymce panel-first-child panel-last-child\" data-index=\"0\" ><h3 class=\"widget-title\"><span class=\"light\">Dienstnehmersektion<\/span> Vorarlberg<\/h3><div class=\"textwidget\"><p><span style=\"font-size: 14pt; color: #000000;\">Die Landwirtschaftskammer - Sektion Dienstnehmer (Landarbeiterkammer) ist zur Vertretung und F\u00f6rderung der beruflichen, wirtschaftlichen, sozialen und kulturellen Interessen ihrer Kammerzugeh\u00f6rigen berufen.<\/span><\/p>\n<p><strong><span style=\"font-size: 14pt; color: #000000;\">Kammerzugeh\u00f6rigkeit laut Landwirtschaftskammergesetz<\/span><\/strong><br \/>\n<span style=\"font-size: 14pt; color: #000000;\">LGBl. 59. Verordnung vom 28.12.1995 Par. 5, Abs. 2 lit. A - e<\/span><\/p>\n<p>&nbsp;<\/p>\n<p><span style=\"font-size: 14pt;\"><span style=\"color: #000000;\">Der Dienstnehmersektion der Landwirtschaftskammer geh\u00f6ren alle Dienstnehmer an, die in Vorarlberg auf land- und forstwirtschaftlichem Gebiet besch\u00e4ftigt sind. <\/span><\/span><\/p>\n<p><span style=\"font-size: 14pt;\"><span style=\"color: #000000;\">Dazu geh\u00f6ren insbesondere:<\/span><\/span><\/p>\n<p><span style=\"font-size: 14pt;\"><span style=\"color: #000000;\">a) Dienstnehmer eines in Vorarlberg gelegenen land- und forstwirtschaftlichen Betriebes der unter Abs. 1 bezeichneten Art, <\/span><\/span><\/p>\n<p><span style=\"color: #000000; font-size: 14pt;\">\u00a0 \u00a0 ausgenommen:\u00a0 S\u00e4gen, Harzverarbeitungsst\u00e4tten, M\u00fchlen und Molkereien, die von land- und forstwirtschaftlichen Erwerbs- und Wirtschaftsgenossenschaften betrieben werden und dauernd mehr als 5 Dienstnehmer besch\u00e4ftigen;<\/span><\/p>\n<p><span style=\"font-size: 14pt; color: #000000;\">b) Dienstnehmer der Landwirtschaftskammer oder einer freien Berufsvereinigung gem. Abs. 1 lit. e;<\/span><\/p>\n<p><span style=\"font-size: 14pt; color: #000000;\">c) Jagdschutzorgane;<\/span><\/p>\n<p><span style=\"font-size: 14pt; color: #000000;\">d) Saisonarbeiter, soweit sie in diesen Dienstverh\u00e4ltnissen bei l\u00e4ngerfristiger Betrachtung \u00fcberwiegend in einem land- und forstwirtschaftlichen Betrieb oder Betriebszweig besch\u00e4ftigt sind;<\/span><\/p>\n<p><span style=\"font-size: 14pt; color: #000000;\">e) Dienstnehmer, die in einer unter lit. a bis d bezeichneten Art besch\u00e4ftigt waren, aus diesem Grunde eine Pension beziehen und keinen anderen Beruf aus\u00fcben.<\/span><\/p>\n<p>&nbsp;<\/p>\n<p><span style=\"font-size: 14pt; color: #000000;\">Ist die Mitgliedschaft strittig, hat die Landesregierung auf Antrag der Dienstnehmersektion oder eines Betroffenen dar\u00fcber zu entscheiden.<\/span><\/p>\n<\/div><\/div><\/div><\/div><\/div>","protected":false},"excerpt":{"rendered":"<p>Curabitur sodales ligula in libero. Sed dignissim lacinia nunc. Curabitur tortor. Pellentesque nibh. Aenean quam. In scelerisque sem at dolor. Maecenas mattis. Sed convallis tristique sem. Proin ut ligula vel nunc egestas porttitor. Morbi lectus risus, iaculis vel, suscipit quis, luctus non, massa.<\/p>\n","protected":false},"author":1,"featured_media":0,"parent":0,"menu_order":0,"comment_status":"closed","ping_status":"closed","template":"","meta":{"ngg_post_thumbnail":0,"footnotes":""},"class_list":["post-181","page","type-page","status-publish","hentry"],"_links":{"self":[{"href":"https:\/\/www.lak-vorarlberg.at\/index.php\/wp-json\/wp\/v2\/pages\/181","targetHints":{"allow":["GET"]}}],"collection":[{"href":"https:\/\/www.lak-vorarlberg.at\/index.php\/wp-json\/wp\/v2\/pages"}],"about":[{"href":"https:\/\/www.lak-vorarlberg.at\/index.php\/wp-json\/wp\/v2\/types\/page"}],"author":[{"embeddable":true,"href":"https:\/\/www.lak-vorarlberg.at\/index.php\/wp-json\/wp\/v2\/users\/1"}],"replies":[{"embeddable":true,"href":"https:\/\/www.lak-vorarlberg.at\/index.php\/wp-json\/wp\/v2\/comments?post=181"}],"version-history":[{"count":32,"href":"https:\/\/www.lak-vorarlberg.at\/index.php\/wp-json\/wp\/v2\/pages\/181\/revisions"}],"predecessor-version":[{"id":8084,"href":"https:\/\/www.lak-vorarlberg.at\/index.php\/wp-json\/wp\/v2\/pages\/181\/revisions\/8084"}],"wp:attachment":[{"href":"https:\/\/www.lak-vorarlberg.at\/index.php\/wp-json\/wp\/v2\/media?parent=181"}],"curies":[{"name":"wp","href":"https:\/\/api.w.org\/{rel}","templated":true}]}}

Über uns

<div id="pl-181"  class="panel-layout" ><div id="pg-181-0"  class="panel-grid panel-no-style" ><div id="pgc-181-0-0"  class="panel-grid-cell" ><div id="panel-181-0-0-0" class="so-panel widget widget_black-studio-tinymce widget_black_studio_tinymce panel-first-child panel-last-child" data-index="0" ><h3 class="widget-title"><span class="light">Dienstnehmersektion</span> Vorarlberg</h3><div class="textwidget"><p><span style="font-size: 14pt; color: #000000;">Die Landwirtschaftskammer - Sektion Dienstnehmer (Landarbeiterkammer) ist zur Vertretung und Förderung der beruflichen, wirtschaftlichen, sozialen und kulturellen Interessen ihrer Kammerzugehörigen berufen.</span></p>
<p><strong><span style="font-size: 14pt; color: #000000;">Kammerzugehörigkeit laut Landwirtschaftskammergesetz</span></strong><br />
<span style="font-size: 14pt; color: #000000;">LGBl. 59. Verordnung vom 28.12.1995 Par. 5, Abs. 2 lit. A - e</span></p>
<p>&nbsp;</p>
<p><span style="font-size: 14pt;"><span style="color: #000000;">Der Dienstnehmersektion der Landwirtschaftskammer gehören alle Dienstnehmer an, die in Vorarlberg auf land- und forstwirtschaftlichem Gebiet beschäftigt sind. </span></span></p>
<p><span style="font-size: 14pt;"><span style="color: #000000;">Dazu gehören insbesondere:</span></span></p>
<p><span style="font-size: 14pt;"><span style="color: #000000;">a) Dienstnehmer eines in Vorarlberg gelegenen land- und forstwirtschaftlichen Betriebes der unter Abs. 1 bezeichneten Art, </span></span></p>
<p><span style="color: #000000; font-size: 14pt;">    ausgenommen:  Sägen, Harzverarbeitungsstätten, Mühlen und Molkereien, die von land- und forstwirtschaftlichen Erwerbs- und Wirtschaftsgenossenschaften betrieben werden und dauernd mehr als 5 Dienstnehmer beschäftigen;</span></p>
<p><span style="font-size: 14pt; color: #000000;">b) Dienstnehmer der Landwirtschaftskammer oder einer freien Berufsvereinigung gem. Abs. 1 lit. e;</span></p>
<p><span style="font-size: 14pt; color: #000000;">c) Jagdschutzorgane;</span></p>
<p><span style="font-size: 14pt; color: #000000;">d) Saisonarbeiter, soweit sie in diesen Dienstverhältnissen bei längerfristiger Betrachtung überwiegend in einem land- und forstwirtschaftlichen Betrieb oder Betriebszweig beschäftigt sind;</span></p>
<p><span style="font-size: 14pt; color: #000000;">e) Dienstnehmer, die in einer unter lit. a bis d bezeichneten Art beschäftigt waren, aus diesem Grunde eine Pension beziehen und keinen anderen Beruf ausüben.</span></p>
<p>&nbsp;</p>
<p><span style="font-size: 14pt; color: #000000;">Ist die Mitgliedschaft strittig, hat die Landesregierung auf Antrag der Dienstnehmersektion oder eines Betroffenen darüber zu entscheiden.</span></p>
</div></div></div></div></div>
