{"id":11,"date":"2015-09-08T16:45:07","date_gmt":"2015-09-08T16:45:07","guid":{"rendered":"http:\/\/localhost:8888\/construction\/?page_id=11"},"modified":"2026-03-20T20:55:51","modified_gmt":"2026-03-20T19:55:51","slug":"front-page","status":"publish","type":"page","link":"https:\/\/www.lak-vorarlberg.at\/","title":{"rendered":"Hauptseite"},"content":{"rendered":"<div id=\"pl-11\"  class=\"panel-layout\" ><div id=\"pg-11-0\"  class=\"panel-grid panel-no-style\" ><div id=\"pgc-11-0-0\"  class=\"panel-grid-cell\" ><div id=\"panel-11-0-0-0\" class=\"so-panel widget widget_qt_recent_posts_block widget_post_block panel-first-child panel-last-child\" data-index=\"0\" >\n\t\t\t<div class=\"block-posts\">\n\n\t\t\t\t\t\t\t\t\t<h3 class=\"widget-title\">\n\t\t\t\t\t\t<span class=\"light\">Aktuelle<\/span> Themen\t\t\t\t\t\t\t\t\t\t\t\t\t<a href=\"https:\/\/www.lak-vorarlberg.at\/index.php\/aktuelles\/\">mehr Themen<i class=\"fa fa-angle-right\"><\/i><\/a>\n\t\t\t\t\t\t\t\t\t\t\t<\/h3>\n\t\t\t\t\n\t\t\t\t<div class=\"row\">\n\t\t\t\t\t\t\t\t\t\t\n\t\t\t\t\t\t<div class=\"col-xs-12 col-sm-4 col-md-4\">\n\t\t\t\t\t\t\t<article class=\"post-item news\">\n\t\t\t\t\t\t\t\t\t\t\t\t\t\t\t\t\t<a href=\"https:\/\/www.lak-vorarlberg.at\/index.php\/2026\/03\/09\/kammerwahl-2026-vorlaeufiges-ergebnis-steht-fest\/\" class=\"post-item-image\">\n\t\t\t\t\t\t\t\t\t\t\n\t\t\t\t\t\t\t\t\t\t<img loading=\"lazy\" decoding=\"async\" width=\"360\" height=\"203\" src=\"https:\/\/www.lak-vorarlberg.at\/wp-content\/uploads\/2026\/03\/20260307_Wahlauszaehlung_Schlachter-und-Noeckl_klein-360x203.jpg\" class=\"attachment-thelandscaper-news-small size-thelandscaper-news-small no-lazy wp-post-image\" alt=\"\" srcset=\"https:\/\/www.lak-vorarlberg.at\/wp-content\/uploads\/2026\/03\/20260307_Wahlauszaehlung_Schlachter-und-Noeckl_klein-360x203.jpg 360w, https:\/\/www.lak-vorarlberg.at\/wp-content\/uploads\/2026\/03\/20260307_Wahlauszaehlung_Schlachter-und-Noeckl_klein-848x480.jpg 848w, https:\/\/www.lak-vorarlberg.at\/wp-content\/uploads\/2026\/03\/20260307_Wahlauszaehlung_Schlachter-und-Noeckl_klein-850x479.jpg 850w\" sizes=\"auto, (max-width: 360px) 100vw, 360px\" \/>\t\t\t\t\t\t\t\t\t\t\t\t\t\t\t\t\t\t\t<\/a>\n\t\t\t\t\t\t\t\t\t\t\t\t\t\t\t\t<div class=\"post-item-content\">\n\t\t\t\t\t\t\t\t\t<h5 class=\"title\">\n\t\t\t\t\t\t\t\t\t\t<a href=\"https:\/\/www.lak-vorarlberg.at\/index.php\/2026\/03\/09\/kammerwahl-2026-vorlaeufiges-ergebnis-steht-fest\/\">Kammerwahl 2026 \u2013 das endg\u00fcltige Ergebnis steht fest<\/a>\n\t\t\t\t\t\t\t\t\t<\/h5>\n\t\t\t\t\t\t\t\t\t<p>\n\t\t\t\t                        Die Mitglieder der Landwirtschaftskammer haben ihre neue Vollversammlung gew\u00e4hlt. Am Samstag, 7. M\u00e4rz um 16 Uhr, wurde...\t\t\t\t                    <\/p>\n\t\t\t\t                    <a href=\"https:\/\/www.lak-vorarlberg.at\/index.php\/2026\/03\/09\/kammerwahl-2026-vorlaeufiges-ergebnis-steht-fest\/\" class=\"more\">weiterlesen<\/a>\n\t\t\t\t\t\t\t\t<\/div>\n\t\t\t\t\t\t\t<\/article>\n\t\t\t\t\t\t<\/div>\n\t\t\t\t\t\t\n\t\t\t\t\t\t\n\t\t\t\t\t\t<div class=\"col-xs-12 col-sm-4 col-md-4\">\n\t\t\t\t\t\t\t<article class=\"post-item news\">\n\t\t\t\t\t\t\t\t\t\t\t\t\t\t\t\t\t<a href=\"https:\/\/www.lak-vorarlberg.at\/index.php\/2026\/03\/08\/anmeldung-zum-webinar-hier-moeglich\/\" class=\"post-item-image\">\n\t\t\t\t\t\t\t\t\t\t\n\t\t\t\t\t\t\t\t\t\t<img loading=\"lazy\" decoding=\"async\" width=\"360\" height=\"203\" src=\"https:\/\/www.lak-vorarlberg.at\/wp-content\/uploads\/2026\/04\/webinar-Bild-360x203.png\" class=\"attachment-thelandscaper-news-small size-thelandscaper-news-small no-lazy wp-post-image\" alt=\"\" \/>\t\t\t\t\t\t\t\t\t\t\t\t\t\t\t\t\t\t\t<\/a>\n\t\t\t\t\t\t\t\t\t\t\t\t\t\t\t\t<div class=\"post-item-content\">\n\t\t\t\t\t\t\t\t\t<h5 class=\"title\">\n\t\t\t\t\t\t\t\t\t\t<a href=\"https:\/\/www.lak-vorarlberg.at\/index.php\/2026\/03\/08\/anmeldung-zum-webinar-hier-moeglich\/\">Anmeldung zum Webinar hier m\u00f6glich<\/a>\n\t\t\t\t\t\t\t\t\t<\/h5>\n\t\t\t\t\t\t\t\t\t<p>\n\t\t\t\t                        Webinar Frauengesundheit am Arbeitsplatz&nbsp; &nbsp;\t\t\t\t                    <\/p>\n\t\t\t\t                    <a href=\"https:\/\/www.lak-vorarlberg.at\/index.php\/2026\/03\/08\/anmeldung-zum-webinar-hier-moeglich\/\" class=\"more\">weiterlesen<\/a>\n\t\t\t\t\t\t\t\t<\/div>\n\t\t\t\t\t\t\t<\/article>\n\t\t\t\t\t\t<\/div>\n\t\t\t\t\t\t\n\t\t\t\t\t\t\n\t\t\t\t\t\t<div class=\"col-xs-12 col-sm-4 col-md-4\">\n\t\t\t\t\t\t\t<article class=\"post-item news\">\n\t\t\t\t\t\t\t\t\t\t\t\t\t\t\t\t\t<a href=\"https:\/\/www.lak-vorarlberg.at\/index.php\/2025\/12\/18\/neue-kollektivvertraege\/\" class=\"post-item-image\">\n\t\t\t\t\t\t\t\t\t\t\n\t\t\t\t\t\t\t\t\t\t<img loading=\"lazy\" decoding=\"async\" width=\"360\" height=\"203\" src=\"https:\/\/www.lak-vorarlberg.at\/wp-content\/uploads\/2025\/12\/Symbolfoto_Kollektivvertrag-bearbeitet-360x203.jpg\" class=\"attachment-thelandscaper-news-small size-thelandscaper-news-small no-lazy wp-post-image\" alt=\"\" srcset=\"https:\/\/www.lak-vorarlberg.at\/wp-content\/uploads\/2025\/12\/Symbolfoto_Kollektivvertrag-bearbeitet-360x203.jpg 360w, https:\/\/www.lak-vorarlberg.at\/wp-content\/uploads\/2025\/12\/Symbolfoto_Kollektivvertrag-bearbeitet-848x480.jpg 848w, https:\/\/www.lak-vorarlberg.at\/wp-content\/uploads\/2025\/12\/Symbolfoto_Kollektivvertrag-bearbeitet-850x479.jpg 850w\" sizes=\"auto, (max-width: 360px) 100vw, 360px\" \/>\t\t\t\t\t\t\t\t\t\t\t\t\t\t\t\t\t\t\t<\/a>\n\t\t\t\t\t\t\t\t\t\t\t\t\t\t\t\t<div class=\"post-item-content\">\n\t\t\t\t\t\t\t\t\t<h5 class=\"title\">\n\t\t\t\t\t\t\t\t\t\t<a href=\"https:\/\/www.lak-vorarlberg.at\/index.php\/2025\/12\/18\/neue-kollektivvertraege\/\">Neue Kollektivvertr\u00e4ge f\u00fcr 2026<\/a>\n\t\t\t\t\t\t\t\t\t<\/h5>\n\t\t\t\t\t\t\t\t\t<p>\n\t\t\t\t                        Die Lohn- und Gehaltsverhandlungen standen im Zeichen einer immer noch hohen Inflation und einer schw\u00e4chelnden Wirtschaft....\t\t\t\t                    <\/p>\n\t\t\t\t                    <a href=\"https:\/\/www.lak-vorarlberg.at\/index.php\/2025\/12\/18\/neue-kollektivvertraege\/\" class=\"more\">weiterlesen<\/a>\n\t\t\t\t\t\t\t\t<\/div>\n\t\t\t\t\t\t\t<\/article>\n\t\t\t\t\t\t<\/div>\n\t\t\t\t\t\t\n\t\t\t\t\t\t\t\t\t\t\t\t\t<\/div>\n\t\t\t\t\t\t\t<div class=\"row\">\n\t\t\t\t\t\t\t\t\t\t<\/div>\n\t\t\t<\/div>\n\n\t\t\t<\/div><\/div><div id=\"pgc-11-0-1\"  class=\"panel-grid-cell\" ><div class=\"panel-cell-style panel-cell-style-for-11-0-1\" ><div id=\"panel-11-0-1-0\" class=\"so-panel widget widget_sow-image panel-first-child panel-last-child\" data-index=\"1\" ><div class=\"panel-widget-style panel-widget-style-for-11-0-1-0\" ><div\n\t\t\t\n\t\t\tclass=\"so-widget-sow-image so-widget-sow-image-default-8b5b6f678277-12652\"\n\t\t\t\n\t\t><h3 class=\"widget-title\">DINE_82<\/h3>\n<div class=\"sow-image-container\">\n\t\t\t<a href=\"https:\/\/www.lak-vorarlberg.at\/wp-content\/uploads\/2026\/02\/DINE_82.pdf\"\n\t\t\t\t\t>\n\t\t\t<img \n\tsrc=\"https:\/\/www.lak-vorarlberg.at\/wp-content\/uploads\/2026\/02\/DINE_82-scaled.jpg\" width=\"1811\" height=\"2560\" srcset=\"https:\/\/www.lak-vorarlberg.at\/wp-content\/uploads\/2026\/02\/DINE_82-scaled.jpg 1811w, https:\/\/www.lak-vorarlberg.at\/wp-content\/uploads\/2026\/02\/DINE_82-212x300.jpg 212w, https:\/\/www.lak-vorarlberg.at\/wp-content\/uploads\/2026\/02\/DINE_82-724x1024.jpg 724w, https:\/\/www.lak-vorarlberg.at\/wp-content\/uploads\/2026\/02\/DINE_82-768x1086.jpg 768w, https:\/\/www.lak-vorarlberg.at\/wp-content\/uploads\/2026\/02\/DINE_82-1086x1536.jpg 1086w, https:\/\/www.lak-vorarlberg.at\/wp-content\/uploads\/2026\/02\/DINE_82-1448x2048.jpg 1448w\" sizes=\"(max-width: 1811px) 100vw, 1811px\" title=\"DINE_82\" alt=\"\" \t\tclass=\"so-widget-image\"\/>\n\t\t\t<\/a><\/div>\n\n<\/div><\/div><\/div><\/div><\/div><\/div><div id=\"pg-11-1\"  class=\"panel-grid panel-has-style\" ><div class=\"siteorigin-panels-stretch panel-row-style panel-row-style-for-11-1\" data-stretch-type=\"full\" ><div id=\"pgc-11-1-0\"  class=\"panel-grid-cell panel-grid-cell-empty\" ><\/div><div id=\"pgc-11-1-1\"  class=\"panel-grid-cell\" ><div id=\"panel-11-1-1-0\" class=\"so-panel widget widget_qt_icon_box widget-icon-box panel-first-child\" data-index=\"2\" ><div class=\"panel-widget-style panel-widget-style-for-11-1-1-0\" >\t\t\t\t<a class=\"icon-box icon-big\" href=\"https:\/\/www.lak-vorarlberg.at\/wp-content\/uploads\/2026\/03\/20260401_KV-Jagd.pdf\" target=\"_blank\">\n\t\t\t\t\t\t\t\t\t\t\t\t<i class=\"fa fa fa-handshake-o\"><\/i>\n\t\t\t\t\t\t\t\t\t\t\t\t\t<h6 class=\"title\">Aktueller Jagd KV ab 1. April 2026<\/h6>\n\t\t\t\t\t\t\t\t\t\t\t<\/a>\n\n\t\t\t<\/div><\/div><div id=\"panel-11-1-1-1\" class=\"so-panel widget widget_qt_icon_box widget-icon-box\" data-index=\"3\" >\t\t\t\t<a class=\"icon-box icon-big\" href=\"https:\/\/www.agriworker.eu\/\" target=\"_blank\">\n\t\t\t\t\t\t\t\t\t\t\t\t<i class=\"fa fa fa-mobile\"><\/i>\n\t\t\t\t\t\t\t\t\t\t\t\t\t<h6 class=\"title\">AGRI-Worker-App<\/h6>\n\t\t\t\t\t\t\t\t\t\t\t<\/a>\n\n\t\t\t<\/div><div id=\"panel-11-1-1-2\" class=\"so-panel widget widget_qt_icon_box widget-icon-box panel-last-child\" data-index=\"4\" >\t\t\t\t<a class=\"icon-box icon-big\" href=\"https:\/\/www.lak-vorarlberg.at\/wp-content\/uploads\/2023\/07\/Ansuchen-Fuehrerscheinbeihilfe.pdf\" target=\"_blank\">\n\t\t\t\t\t\t\t\t\t\t\t\t<i class=\"fa fa fa-car\"><\/i>\n\t\t\t\t\t\t\t\t\t\t\t\t\t<h6 class=\"title\">F\u00fchrerscheinbeihilfe neu<\/h6>\n\t\t\t\t\t\t\t\t\t\t\t<\/a>\n\n\t\t\t<\/div><\/div><div id=\"pgc-11-1-2\"  class=\"panel-grid-cell\" ><div id=\"panel-11-1-2-0\" class=\"so-panel widget widget_qt_icon_box widget-icon-box panel-first-child\" data-index=\"5\" >\t\t\t\t<a class=\"icon-box icon-big\" href=\"https:\/\/finanzrechner.at\/brutto-netto-rechner\" target=\"_blank\">\n\t\t\t\t\t\t\t\t\t\t\t\t<i class=\"fa fa fa-eur\"><\/i>\n\t\t\t\t\t\t\t\t\t\t\t\t\t<h6 class=\"title\">Brutto-Netto-Rechner Land- und Forstarbeiter*in, G\u00e4rtner*in<\/h6>\n\t\t\t\t\t\t\t\t\t\t\t<\/a>\n\n\t\t\t<\/div><div id=\"panel-11-1-2-1\" class=\"so-panel widget widget_qt_icon_box widget-icon-box panel-last-child\" data-index=\"6\" >\t\t\t\t<a class=\"icon-box icon-big\" href=\"https:\/\/www.lak-vorarlberg.at\/wp-content\/uploads\/2026\/02\/2026_Pflichtpraktikum-3-und-5-Jahre.pdf\" target=\"_blank\">\n\t\t\t\t\t\t\t\t\t\t\t\t<i class=\"fa fa fa-handshake-o\"><\/i>\n\t\t\t\t\t\t\t\t\t\t\t\t\t<h6 class=\"title\">Pflichtpraktikum Fachschule, H\u00f6here Lehranstalt und Universit\u00e4ten 2026<\/h6>\n\t\t\t\t\t\t\t\t\t\t\t<\/a>\n\n\t\t\t<\/div><\/div><\/div><\/div><div id=\"pg-11-2\"  class=\"panel-grid panel-no-style\" ><div id=\"pgc-11-2-0\"  class=\"panel-grid-cell panel-grid-cell-empty panel-grid-cell-mobile-last\" ><\/div><div id=\"pgc-11-2-1\"  class=\"panel-grid-cell panel-grid-cell-empty\" ><\/div><\/div><\/div>","protected":false},"excerpt":{"rendered":"<p>Aktuelle Themen mehr Themen Kammerwahl 2026 \u2013 das endg\u00fcltige Ergebnis steht fest Die Mitglieder der Landwirtschaftskammer haben ihre neue Vollversammlung gew\u00e4hlt. Am Samstag, 7. M\u00e4rz um 16 Uhr, wurde&#8230; weiterlesen Anmeldung zum Webinar hier m\u00f6glich Webinar Frauengesundheit am Arbeitsplatz&nbsp; &nbsp; weiterlesen Neue Kollektivvertr\u00e4ge f\u00fcr 2026 Die Lohn- und Gehaltsverhandlungen standen im Zeichen einer immer noch [&hellip;]<\/p>\n","protected":false},"author":2,"featured_media":0,"parent":0,"menu_order":0,"comment_status":"closed","ping_status":"closed","template":"template-front-fullslider.php","meta":{"ngg_post_thumbnail":0,"footnotes":""},"class_list":["post-11","page","type-page","status-publish","hentry"],"_links":{"self":[{"href":"https:\/\/www.lak-vorarlberg.at\/index.php\/wp-json\/wp\/v2\/pages\/11","targetHints":{"allow":["GET"]}}],"collection":[{"href":"https:\/\/www.lak-vorarlberg.at\/index.php\/wp-json\/wp\/v2\/pages"}],"about":[{"href":"https:\/\/www.lak-vorarlberg.at\/index.php\/wp-json\/wp\/v2\/types\/page"}],"author":[{"embeddable":true,"href":"https:\/\/www.lak-vorarlberg.at\/index.php\/wp-json\/wp\/v2\/users\/2"}],"replies":[{"embeddable":true,"href":"https:\/\/www.lak-vorarlberg.at\/index.php\/wp-json\/wp\/v2\/comments?post=11"}],"version-history":[{"count":702,"href":"https:\/\/www.lak-vorarlberg.at\/index.php\/wp-json\/wp\/v2\/pages\/11\/revisions"}],"predecessor-version":[{"id":12784,"href":"https:\/\/www.lak-vorarlberg.at\/index.php\/wp-json\/wp\/v2\/pages\/11\/revisions\/12784"}],"wp:attachment":[{"href":"https:\/\/www.lak-vorarlberg.at\/index.php\/wp-json\/wp\/v2\/media?parent=11"}],"curies":[{"name":"wp","href":"https:\/\/api.w.org\/{rel}","templated":true}]}}